t is the hundreds digit of u(2)?
6
Let w(c) be the first derivative of 189*c**2/2 + 4*c - 11. Let l be w(2). Suppose -5*o + l + 98 = 0. What is the tens digit of o?
9
Let j = 11269 - -1125. Suppose 4349 = -5*k + j. What is the tens digit of k?
0
What is the units digit of (1 + -4)/((-8)/(-844)*(-9)/240)?
0
Suppose -2224 + 171 = -5*m - 2*n, -3*n = m - 421. Let p = -282 + m. What is the units digit of p?
7
Let y be (156/20 - 7)/(4/10). Suppose 58 + 244 = y*q. Suppose 4*o - 45 = q. What is the units digit of o?
9
Let s = 24710 + -13746. What is the units digit of s?
4
Let l be (-281106)/(-294) - ((-3)/7)/(-3). Let j = 1650 - l. What is the hundreds digit of j?
6
Suppose -3*z + 4*h = -5 - 66, 0 = -2*z + 3*h + 46. Let r be (z/(-3))/(4 - 2356/588). Suppose -7*s = -r - 77. What is the tens digit of s?
1
What is the ten thousands digit of 70845/(-40)*-4*(-100)/(-30)?
2
Let p(w) = -w**3 - 4*w + 4. Let h be p(0). Suppose 4*i - 2381 = -4*x + 5*i, h*i + 1194 = 2*x. What is the hundreds digit of x?
5
Let y(l) be the second derivative of -l**5/20 + l**4/12 - 5*l**3/6 + l**2/2 + 11*l + 7. What is the hundreds digit of y(-11)?
5
Let c = -9537 - -33682. What is the units digit of c?
5
Let k(b) = 2*b**3 + 11*b**2 - 4*b - 108. Let n be k(-9). Let u = -271 - n. What is the hundreds digit of u?
3
Suppose 0 = -3*d + 4 + 29. Suppose 2*r = 0, -5*u + 7*r + 1340 = d*r. What is the tens digit of u?
6
Suppose 3*i - 6736 = 7*i. Let f = -1202 - i. What is the tens digit of f?
8
Let l(z) = z**3 + 13*z**2 - z - 11. Let v = 6 + -19. Let n be l(v). Suppose -y = -4*q - 209, 0 = -n*y + 2*q - 4*q + 448. What is the hundreds digit of y?
2
Let q = -99 + 248. Suppose t = q + 15. What is the hundreds digit of t?
1
Let r be (-3)/(((-72)/64)/(3/4)). Suppose 5*f + 4 = 4*k + r*f, -3*k - 4*f = -28. Suppose k*x - 163 = -n, 0 = -5*x - 5. What is the tens digit of n?
6
Let w = -1816 + 2330. What is the tens digit of w?
1
Suppose -7*t = 17*t + 11736. Let c = -132 - t. What is the tens digit of c?
5
Let j be -2 - -4*(3 - 1). Suppose -j*o = -24 - 6. Suppose 2*q - 9 = o*q, 2*w + 3*q - 187 = 0. What is the units digit of w?
8
Let b(f) = 1593*f**3 - f**2 + f. Suppose 0 = -18*x + 26*x - 8. What is the tens digit of b(x)?
9
Suppose -5*l = -3*u - 1053, -u + 1073 = 5*l + u. Suppose 4*o + l + 27 = 0. What is the tens digit of o/(-40)*184/6?
4
Let c(y) = 204*y - 3. Suppose -10 = -5*q - 0*q. Let w be c(q). Suppose -4*k + w = 29. What is the tens digit of k?
9
Suppose q = r - 4*q - 73, -5*q = -5*r + 445. What is the tens digit of -4 - -5*(r + -2) - 1?
5
What is the ten thousands digit of 451/(-1353) + (-73747)/(-3)?
2
Suppose -27*b + 156253 = -257811 - 176453. What is the units digit of b?
1
Let b(c) = c**3 - 9*c - 1. Suppose -27 = -4*x + f - 4*f, 2*f - 2 = 0. What is the units digit of b(x)?
1
Let f be (-96)/(-56)*(-24003)/(-6). What is the tens digit of (1*3)/(81/f)?
5
Let k be 5 - 6 - (-1 + -8855) - 3. What is the units digit of 16/(-88) + k/132*3?
1
Let z = 33 + 23. Suppose 0 = -z*u + 51*u + 715. What is the hundreds digit of u?
1
Suppose -25*c + 20 = -205. What is the hundreds digit of (1*(-30)/2)/(c/(-144))?
2
Suppose 3*o = 3*f - 459, 0 = 8*o - 4*o. Suppose -29*m + f = -1848. What is the tens digit of m?
6
Suppose -4*k + 4 = 4*v, -2*k - 2*k = -v - 14. Let c(q) = q**3 - 6*q**2 + 9*q + 4. Let g be c(k). What is the units digit of (2/2)/(0 - g/(-364))?
1
Let i(g) = -g**3 + 5*g**2 + 3*g - 13. Let w be i(5). Suppose 0*h + w*t + 3440 = 4*h, 2*t = -2*h + 1732. What is the units digit of h?
2
Suppose -3*w - 8*w = -1441. Suppose 3*a - 625 = w. Suppose 4*k - 3*t = k + a, -2*k + 5*t = -156. What is the tens digit of k?
8
Let d = -4141 - -2376. Let i = -665 - d. What is the hundreds digit of i?
1
Let l = -257 + 325. Suppose -76*h = -l*h - 1216. What is the hundreds digit of h?
1
Suppose -5*q = -4*w + 1619, -1085 + 238 = -2*w - 5*q. What is the hundreds digit of w?
4
Let z = -86 - -88. Suppose 0 = -z*f + 234 + 76. What is the units digit of f?
5
What is the units digit of (79/237 + 4/(72/(-15)))*-34014?
7
Let j(g) = 2*g**3 + 14*g**2 + 12*g + 12. Let w be j(-6). Let o be (-3)/(-12) + 33/w + -9. Let t(l) = 2*l**2 - 6*l - 17. What is the units digit of t(o)?
1
Let y be 133/57 + 2/3. Let b be y/9 - (-98)/21. Suppose b*j = -r + 4, 5*r + 9*j - 4*j - 120 = 0. What is the units digit of r?
9
Let p(d) = -109*d**3 - 2*d**2 - 15*d - 43. What is the units digit of p(-4)?
1
Let u = -2752 - -1635. Let o = u - -1787. What is the hundreds digit of o?
6
Let i(y) = 114*y**2 - 55*y - 11. What is the thousands digit of i(4)?
1
Suppose -57*g + 3604 = -23*g. Suppose 5*s - 565 = 315. Let y = s - g. What is the units digit of y?
0
Let t = -83 - -88. Suppose -j + 5*j - 5*s = -480, j + t*s = -120. What is the units digit of (-22416)/j - 2/(-10)?
7
Let m be 0 - ((-14 - -3) + 1). Suppose 2 = 4*r - 5*i, 3*i = -2*i + m. Suppose -8*u = -r*u - 415. What is the units digit of u?
3
Let a(v) = v**3 + v**2 + v + 2. Let p(k) = 2*k**2 + 10*k + 6. Let i(f) = 5*a(f) - p(f). Suppose 0 = 2*q - 5 + 1. What is the tens digit of i(q)?
4
Let q be 1 + 5*(-6)/(-15). Suppose 0 = -3*l + l + 162. Suppose q*d = -j + l, -4*d - 2*j - 54 = -6*d. What is the tens digit of d?
2
Suppose -162*h + 157*h + 4*g + 3696 = 0, 0 = h + 2*g - 756. What is the units digit of h?
4
Let z(i) = i**2 + 27*i + 3. Let v be z(10). Suppose 0 = -2*c - 5 + v. What is the tens digit of c?
8
Let y be -8 + 4 - (-19 + (-3)/(-1)). Let a = y - 3. What is the units digit of -103*-3*3/a?
3
Let f be 0/(-4)*(3 - 4)*1. Suppose f*z - z - 1356 = -w, -z = 2*w - 2718. What is the tens digit of w?
5
Let q(u) be the third derivative of 3*u**4/8 + 3*u**3 - 2*u**2 + 17. What is the hundreds digit of q(13)?
1
Let s = -19 - 38. Let d be ((6/4)/(s/(-5890)))/1. Let g = -113 + d. What is the tens digit of g?
4
Let j(d) = 62*d + 68*d + 295*d**2 - 129*d. What is the tens digit of j(-1)?
9
Let w = -861 - -9640. What is the thousands digit of w?
8
Let l be ((-60)/40)/((-3)/8) + 582. Let r = -317 + l. What is the units digit of r?
9
Let k = 151 - 148. Suppose m - 127 = 3*i, k*m - 2*i = 232 + 121. What is the units digit of m?
5
Suppose -274*y + 14742436 = -3004544. What is the thousands digit of y?
4
Suppose 15*k = 27*k + 22704. What is the units digit of 3*33/6*k/(-33)?
6
Suppose -4*m + 124 = -4*f, 5*m + 5*f = -0*f + 195. Let r = 283 + m. What is the hundreds digit of r?
3
Suppose 917167 = 251*r - 2575749. What is the tens digit of r?
1
Let y(h) = -h + 11. Let n be y(6). Suppose -3*z = -4*z + n. Suppose 2*s + 5*w + 153 = 4*s, z*w = -4*s + 261. What is the units digit of s?
9
Let w = 2795 - 1540. What is the units digit of w?
5
Let z = 61 - 57. Suppose -2244 = -z*w - 3*v, -28*w + 25*w + 2*v = -1683. What is the tens digit of w?
6
Let z(t) = 105*t - 299. Let g be z(9). Let x = -250 + g. What is the tens digit of x?
9
Let i(z) = 1140*z**2 + 29*z - 217. What is the ten thousands digit of i(5)?
2
Let c = -4696 + 10572. What is the thousands digit of c?
5
Suppose 217 = -7*a + 2401. Let k = a - 190. What is the tens digit of k?
2
Suppose -5*s = u + 3*u - 9761, 4*s + 5*u - 7816 = 0. What is the thousands digit of s?
1
Let d = 16704 + 12317. What is the ten thousands digit of d?
2
Let c(k) = 7*k**2 + 11*k - 7. Let g(f) = f**2. Let x(n) = c(n) + 5*g(n). Let a be 20/(-230) + 497/161. What is the tens digit of x(a)?
3
Let p = 20374 + -14434. What is the tens digit of p?
4
Suppose -2*p = -3*c - 53613, -2*c = 14*p - 15*p + 26803. What is the tens digit of p?
1
Suppose -3343*f - 57572 = -3347*f. What is the thousands digit of f?
4
Let q(w) = -188*w + 77. Let g be q(-4). Let o = g - 481. What is the units digit of o?
8
Let w be (-171488)/(-48) - 2/3. Suppose 2*r + 2*i = w, -2*r + 5*i = -r - 1762. What is the tens digit of r?
8
Suppose -25 = -2*c - l + 5, 5*l = -3*c + 59. Suppose 0*t - c*t + 104 = 0. What is the units digit of t?
8
Let j be (6/8)/((-3)/(-6960)*-2). Let h = j + 216. What is the tens digit of (-1)/4*1 - h/24?
2
Let i(u) = -u**2 + 5*u + 108. Let t be i(-13). What is the units digit of -58*(4 + (t/4)/7)?
9
Let k(d) = 3*d - 39. Let z be k(16). Suppose 0 = -z*a + a + 144. Let v(w) = -w**3 + 17*w**2 + 23*w + 9. What is the units digit of v(a)?
9
Let k be (36/60 - 1)/((-1)/(-5)). What is the units digit of ((-640)/(-30))